se 13, what is -c241 + 32?
-c20c
In base 8, what is 63311 - -332?
63643
In base 5, what is 201114 - -1101?
202220
In base 8, what is -6 - 20417?
-20425
In base 6, what is 5135302 + -4?
5135254
In base 7, what is -5 - 125366?
-125404
In base 7, what is -2 - -2140?
2135
In base 11, what is 7857a - 3?
78577
In base 8, what is 32 + 3434?
3466
In base 16, what is -3caf + -8?
-3cb7
In base 16, what is -1550d + -1e?
-1552b
In base 10, what is 1 - 59963?
-59962
In base 14, what is 20b + -411?
-204
In base 13, what is -25792 - 1?
-25793
In base 14, what is -1887 + db?
-178a
In base 16, what is -211 - 20?
-231
In base 14, what is 614 - -109?
71d
In base 7, what is -4 - 466564?
-466601
In base 7, what is -2 - 2130330?
-2130332
In base 12, what is -4 - -73743?
7373b
In base 9, what is -5 - -881611?
881605
In base 10, what is 4 + -92453?
-92449
In base 16, what is d - 63e?
-631
In base 5, what is 101 + 1032?
1133
In base 12, what is -268 - -53?
-215
In base 10, what is -4 - 106274?
-106278
In base 5, what is 110430 - -2?
110432
In base 9, what is 16672 - -61?
16743
In base 13, what is -45 - -81?
39
In base 2, what is -101101011010111011 - -10?
-101101011010111001
In base 9, what is 36 + -1708?
-1662
In base 13, what is 2c2 - -52?
344
In base 16, what is c12e8 + -1?
c12e7
In base 15, what is 896b0 - 4?
896ab
In base 2, what is 10001101 + 111011101110?
111101111011
In base 13, what is 95 + -205?
-140
In base 14, what is -8481 + -19?
-849a
In base 5, what is -2 - -24003?
24001
In base 2, what is -111001000111001 - 101?
-111001000111110
In base 8, what is -24310 + 11?
-24277
In base 9, what is 108204 - -8?
108213
In base 13, what is -5 - a4806?
-a480b
In base 9, what is -50 - 134440?
-134500
In base 9, what is -672 - 40?
-722
In base 6, what is -100113 + 11?
-100102
In base 4, what is -131212120 + -11?
-131212131
In base 3, what is 102 - -12020002?
12020111
In base 4, what is -10201311 + -1?
-10201312
In base 6, what is -351 - 102022?
-102413
In base 10, what is 58 - 11460?
-11402
In base 10, what is -32 + 1188?
1156
In base 4, what is 1331223303 + 0?
1331223303
In base 12, what is 156512 + 1?
156513
In base 11, what is -60 - -3a1a?
396a
In base 2, what is 10110111011 - 100?
10110110111
In base 9, what is 2 - 268080?
-268077
In base 13, what is 105 - -749?
851
In base 13, what is 7c - 101?
-52
In base 7, what is 3336440 + 0?
3336440
In base 8, what is 5626 - 0?
5626
In base 3, what is 10221000110 - 1?
10221000102
In base 5, what is 0 - 23043?
-23043
In base 2, what is -11010110110 + -101101?
-11011100011
In base 9, what is -2273312 - -3?
-2273308
In base 8, what is 2214 - -127?
2343
In base 3, what is -12 - -220112012?
220112000
In base 12, what is -53 - 286a?
-2901
In base 2, what is 101101111100011 - 0?
101101111100011
In base 8, what is -4015017 + -5?
-4015024
In base 3, what is 1120 + -2200?
-1010
In base 16, what is 1c1e8 + -3?
1c1e5
In base 9, what is 1 - -572?
573
In base 10, what is 70925 - -1?
70926
In base 5, what is 1114023 + -4?
1114014
In base 3, what is 101 - 2020012001?
-2020011200
In base 10, what is 4 + 373381?
373385
In base 5, what is -13 - 44110?
-44123
In base 16, what is -ba - -93?
-27
In base 11, what is -232652 - 2?
-232654
In base 4, what is -23020 + 12132?
-10222
In base 15, what is 2ae1 + -4?
2adc
In base 7, what is -13 + -3413?
-3426
In base 14, what is 5 + -8980?
-8979
In base 8, what is 235671 + -4?
235665
In base 11, what is -703 - 558?
-1160
In base 11, what is -2 - -1a359?
1a357
In base 7, what is 10 + 646322?
646332
In base 16, what is -a + 2fa04?
2f9fa
In base 11, what is -494 - 9?
-4a2
In base 12, what is 2 + 8975b?
89761
In base 16, what is -6b5 + -8?
-6bd
In base 3, what is -2022 - -11001120211?
11001111112
In base 11, what is -36a + 10474?
10105
In base 6, what is -23324340 - 1?
-23324341
In base 10, what is -4786 - 7?
-4793
In base 2, what is -10000100100 + 10100?
-10000010000
In base 12, what is 193671 + -5?
193668
In base 14, what is 12122 - 84?
1207c
In base 15, what is -6 - 56e6?
-56ec
In base 14, what is -39 + -1b?
-56
In base 11, what is 9 - 644?
-636
In base 8, what is 40 - -27504?
27544
In base 2, what is 10000100 + -1111000?
1100
In base 7, what is 4 - 1224546?
-1224542
In base 16, what is -8027 + 4b?
-7fdc
In base 3, what is -11202121021 + -1?
-11202121022
In base 12, what is -5 - -b318?
b313
In base 5, what is -3 + 10000124?
10000121
In base 12, what is 5 - -5264?
5269
In base 6, what is 154 - -3334?
3532
In base 5, what is -1344 - -21322?
14423
In base 14, what is 2 - 321c2?
-321c0
In base 6, what is -2223454 - -2?
-2223452
In base 9, what is -1 - 57484?
-57485
In base 14, what is 2 + 4403?
4405
In base 9, what is 145125 + 0?
145125
In base 14, what is -52 - -b5d?
b0b
In base 11, what is 1435 - -251?
1686
In base 4, what is 112302123321 + 10?
112302123331
In base 14, what is 4 + -b3832?
-b382c
In base 15, what is d8 + -170?
-87
In base 5, what is -110421 - 12?
-110433
In base 12, what is b724 + -8?
b718
In base 12, what is 3729 - -2?
372b
In base 4, what is 10011023233 + -3?
10011023230
In base 11, what is -558403 - -1?
-558402
In base 11, what is -59097 + 14?
-59083
In base 3, what is -101101110 - 1?
-101101111
In base 6, what is 3 + -205030?
-205023
In base 2, what is 100010100 - -1001000110?
1101011010
In base 3, what is -122 + -11111201012?
-11111201211
In base 10, what is 1 + -4513?
-4512
In base 10, what is -4 + 118988?
118984
In base 4, what is 10 + 1000231?
1000301
In base 5, what is -4423202 - -33?
-4423114
In base 6, what is 4 + 4211103?
4211111
In base 9, what is 658 - 5?
653
In base 13, what is -6c5 - -31?
-694
In base 10, what is -603470 - -3?
-603467
In base 11, what is -5 - 87592?
-87597
In base 8, what is 0 + -3051?
-3051
In base 3, what is -2 + -1211002020?
-1211002022
In base 14, what is 1 + a8a20?
a8a21
In base 3, what is -2 + 212100201?
212100122
In base 10, what is 5 + 174050?
174055
In base 9, what is 204157 + -4?
204153
In base 12, what is -2 + 4b3844?
4b3842
In base 16, what is -32a15a - 0?
-32a15a
In base 15, what is -1a75 - -a?
-1a6a
In base 4, what is 1331320131 + -3?
1331320122
In base 14, what is 63 + -5a?
7
In base 6, what is -343210 + 305?
-342501
In base 11, what is -20 - 591?
-601
In base 16, what is -27 + 112?
eb
In base 13, what is 2987 - 21?
2966
In base 12, what is -202 + 375?
173
In base 9, what is -1808 + 1204?
-604
In base 6, what is -42 - 114334?
-114420
In base 2, what is 100 - -1000101011110000?
1000101011110100
In base 11, what is -12a8 + -1552?
-284a
In base 6, what is -52 + -304424?
-304520
In base 3, what is 2211111 - -200022?
10111210
In base 2, what is 101111011 - -10111101?
1000111000
In base 3, what is 0 - -211011122?
211011122
In base 7, what is -11 - -32235?
32224
In base 7, what is 2 + -215641?
-215636
In base 12, what is 298b84 + 3?
298b87
In base 12, what is 1 - 269a?
-2699
In base 6, what is 4131 + -5450?
-1315
In base 11, what is 28 + -19a?
-172
In base 6, what is 50 - 12313?
-12223
In base 7, what is 3234 + -12?
3222
In base 12, what is 249 - -11516?
11763
In base 14, what is -6 + 48b?
485
In base 6, what is 5 - -100530?
100535
In base 13, what is 75 - 89?
-14
In base 10, what is -62369 + -2?
-62371
In base 4, what is -1003 - -31221?
30212
In base 6, what is -4 + 1541241?
1541233
In base 13, what is -86 - 2154?
-220a
In base 4, what is -20 + -112112303?
-112112323
In base 7, what is -3 + -33236?
-33242
In base 11, what is 5 - 1058?
-1053
In base 16, what is -61469 + 5?
-61464
In base 16, what is -83 + c1?
3e
In base 9, what is 645136 - -1?
645137
In base 14, what is -4bca + -1?
-4bcb
In base 13, what is -5 + 42413a?
424135
In base 7, what is 12 + -6052?
-6040
In base 11, what is -40 - -72697?
72657
In base 6, what is -3 + 2511512?
2511505
In base 11, what is -96 - 203?
-299
In base 13, what is 2 - 17a9?
-17a7
In base 4, what is -2231322 - 10?
-2231332
In base 16, what is 17947 + -4?
17943
In base 11, what is 10 + 2a2?
302
In base 12, what is 1 + 43326b?
433270
In base 9, what is 788 - -55?
854
In base 11, what is -51a7 - -380?
-4927
In base 2, what is -111101 + 11100011?
10100110
In base 15, what is -c9778 + -1?
-c9779
In base 2, what is 1111010101 + 110111000?
10110001101
In base 3, what is -2021102200 - -102?
-2021102021
In base 13, what is -28